c(5)?
23
Suppose -4 = -3*t - 19. Let o = -76 - -102. Let x(l) = -53 + o + 22 - l. Calculate x(t).
0
Let z(v) = -v**3 + 6*v**2 - v + 6. Let h(t) = -5 - t + 16*t + 0 - 4. Let p be h(1). Give z(p).
0
Suppose 4*b - 4 - 12 = 0. Suppose -b*i = -24 + 8. Let z(f) = i - f - 5 + 0*f. What is z(-5)?
4
Suppose 0 = -13*t + 9*t + 40. Suppose -m - 8 = -t. Let s(y) = 4*y - 2. Calculate s(m).
6
Let w = -10730 + 10733. Let t(v) = -v**2 - 1 + 1 + 2*v. What is t(w)?
-3
Let m(q) = q**3 - 3*q**2 - 6*q + 2. Suppose -2*z = -3*z - 2*h + 18, -5*z + 5*h = -150. Let d = z + -22. What is m(d)?
-6
Let x be (1 + (-2)/(-2))/((-1)/(-3)). Let o(a) = -16*a + 2 + 5*a + 3*a + x*a. Let n = -3 - -5. Give o(n).
-2
Let t(x) = x**3 + 5*x**2 + 1. Suppose -3*n + 12 - 18 = 0. Let l be 49/21 + n/(-3). Suppose -17 = 4*h + l. Give t(h).
1
Let l(t) = 3*t**3 - 10*t**2 + 9*t + 5. Let j(m) = m**3 + 1. Let u(a) = 2*j(a) - l(a). Suppose -4*q + 15 = -21. What is u(q)?
-3
Let n(r) = -r**2 - r + 1. Let l(u) = 5*u**2 - u - 5. Let b(d) = -l(d) - 4*n(d). Let c(t) = -2*t + 13. Let o be c(-9). Let g = o + -26. Give b(g).
1
Suppose f - 2*f = m + 5, f = -3*m - 5. Suppose 5*v + 5*w = -5, 4*v - 9*w = -12*w. Suppose -v*b = -m*b. Let a(d) = -d**2 + 3. Determine a(b).
3
Let l(t) = 3*t**3 + 3*t**2 + 5*t - 6. Let d(m) = m**3 - 1. Let p = -74 + 75. Let i(v) = p*l(v) - 4*d(v). What is i(4)?
2
Let x(l) = 2*l**2 - 13*l + 2. Let i(s) = 2*s**2 - s. Let u(j) = -2*i(j) + x(j). Give u(-7).
-19
Let p(g) = -3 - 5*g**2 - 1 + 0*g**3 - g**3. Suppose 3*m = -2*u - 267 + 247, -4 = 2*u - m. Give p(u).
-20
Let f(b) = -24*b + 16. Let l(i) = -13*i + 8. Let x(m) = 6*f(m) - 11*l(m). Give x(7).
1
Let j(k) be the second derivative of k**3/6 + 1662*k. Let y be 5*1*(-4)/(-10). Determine j(y).
2
Let x(a) be the second derivative of a**7/2520 + a**6/720 + a**5/120 + 5*a**4/12 + 7*a. Let v(k) be the third derivative of x(k). Give v(-1).
1
Let s(o) be the second derivative of -7*o**3/6 + 5*o**2/2 + 160*o. What is s(-5)?
40
Let b(z) = 24*z - 3*z**2 + 2 - 4*z**2 - 23*z - 1. Determine b(-1).
-7
Let a(p) = p**2 + 12*p + 31. Let v be a(-4). Let m(w) = 9*w**3 + w. Calculate m(v).
-10
Let w = -149 + 149. Let i(m) be the second derivative of 0 + 0*m**3 + 6*m - 1/12*m**4 + 3/2*m**2 + 1/20*m**5. Give i(w).
3
Let d(c) be the third derivative of 0*c + 1/6*c**3 - 32*c**2 + 0 + 1/6*c**4. Give d(1).
5
Let j(x) be the first derivative of -x**2 + x + 34. Let z(s) = -s + 4. Let f be z(8). Let q be (-2)/f - 4/(-8). Calculate j(q).
-1
Let b(f) be the second derivative of 0 + 9/2*f**2 - 1/6*f**3 - 30*f. Calculate b(10).
-1
Let m(o) be the third derivative of o**6/120 + o**5/60 + o**4/12 + o**3/6 + 3*o**2. Let g be m(-3). Let t = 22 + g. Let l(q) = 6*q. What is l(t)?
-6
Let g be (1/(-2))/((-2)/(-20)). Let y(h) = -3652*h + 1829*h + 12 + 1824*h. What is y(g)?
7
Let v(u) = -u**3 + 5*u**2 + 2. Suppose 20*y = 15*y - q + 29, 6*y = -5*q + 50. What is v(y)?
2
Let s(n) = n**3 - 7*n**2 + 6*n + 3. Let i be s(6). Let u(d) = -2 + 0*d + 4 - i*d. Let t(h) = -h - 2. Let x be t(3). What is u(x)?
17
Let d(h) = 2*h**2 - 2*h - 3. Suppose 4*z + 12 = 8*z. Suppose 0 = -5*k + f + 20, -3*f - 2*f = z*k - 40. Suppose -k*n - 15 = -10*n. What is d(n)?
9
Let i(b) be the first derivative of b**3/3 - 3*b**2 - 5*b - 1. Suppose -3*g - 5*q - 20 = 0, 91*g - 3 = 96*g + 4*q. Determine i(g).
-10
Let x = -78 - -208. Let f(p) = -2*p + p**3 + 9*p**3 - x + 131 + 2*p**2. Give f(1).
11
Let k be (-3)/4 - 268/(-16). Let a be (-6)/(-4)*k/(-6). Let z be 3/(-12) + 3/a. Let s(g) = -3*g**3 - g**2 + g + 1. Calculate s(z).
2
Let u(r) = -5*r**3 - 2*r**2 + r - r**3 + 6*r**2 - 3*r**2 - 6 + 7*r**3. Give u(0).
-6
Suppose 4*u = 5*p + 22, 0 = -0*u - u + p + 5. Let b(i) = 6*i**3 + 7*i**2 - 7*i**u + 2*i**3 + 4. What is b(-7)?
4
Suppose r - 4*y = 4, -3*y = -0*y. Let l be -2*(-3)/(-6) - r/(-2). Let c(a) = 6*a + 1. Determine c(l).
7
Let x = 27 - 23. Suppose x*g - 20 = 0, -33 = 3*n + n - 5*g. Let u(s) = 1 - 1 + 4*s + 2. Determine u(n).
-6
Let l be 144/(-48) + (-6)/(-1). Let h(w) = -2*w**2 - 2*w + 3. Determine h(l).
-21
Let t(u) be the first derivative of 2*u**3/3 - u**2/2 + 2*u + 2. Let k(x) = x - 4. Let o be k(6). What is t(o)?
8
Suppose 27*q + 24*q = -357. Let w(y) = 1. Let k(n) = n**2 + 6*n - 9. Let g(u) = k(u) + w(u). What is g(q)?
-1
Suppose a = -4*m - 18, 5*m + 8 = 2*a - 21. Let j = 3 + a. Let v(c) = 2*c - 6. Let u(t) = t - 3. Let b(y) = 13*u(y) - 6*v(y). Determine b(j).
2
Let y(z) = -2*z**2 + 3*z + 3. Let k be (-3 + 2)/(0 + -2)*-4. Give y(k).
-11
Let x(z) be the third derivative of z**6/120 + z**5/15 + z**4/24 + z**3/2 - 118*z**2 + 2*z. Give x(-4).
-1
Let p = 38 + 7. Suppose 0 = 5*d - 5*r - p, 3*r - 16 = 7*r. Let h(c) = -c + 11. Determine h(d).
6
Suppose 2 = h - 2. Suppose 6 = -p - p - 5*d, 0 = 2*p - h*d - 12. Let x(c) be the first derivative of -c**4/4 + c**3 - c - 2. Determine x(p).
3
Let t(w) be the second derivative of 2/3*w**3 + 0 + 12*w - 5/2*w**2 + 1/20*w**5 + 1/2*w**4. Determine t(-4).
11
Let v(z) = -5 - 5*z**2 + 0 - 5*z + 0 - z**3. Suppose -12 = -2*g + g. Suppose 3*a + 0*a + g = 0. Determine v(a).
-1
Let f(o) = -o - 4. Let u be f(-5). Let n(j) = -j - u - j**3 + 4*j**3 - 2*j**3 - 6*j**2 - 2*j**3. Determine n(-6).
5
Let p(y) = y**3 - 3*y**2 - 4*y + 5. Let x be p(4). Let c(w) = -3 - w - 1 + 4*w + 3. Give c(x).
14
Let c(a) be the second derivative of a**3/2 - 11*a**2/2 - 6*a - 1. Give c(5).
4
Let u(n) = -25*n**3 - 5*n**2 + 19*n - 1. Let i(q) = -7*q**3 - 2*q**2 + 6*q. Let w(l) = -7*i(l) + 2*u(l). Suppose -2*g + 5 = -3. Give w(g).
-18
Let w = -65 + 58. Suppose d = 4 - 1. Let z(s) = d - s - 5 + 0*s - 4. Determine z(w).
1
Suppose 4*p - 5*k = -30, 48*k + 15 = -5*p + 43*k. Let z(n) = n**2 + 3*n + 3. Let w be z(-3). Let q(j) = 0*j**2 + w*j**2 + 6 + 7*j - 2*j**2. Give q(p).
-4
Let y(q) = -1280 + 1283 + 0*q**2 - 3*q + 2*q**2. Give y(3).
12
Let p(x) = -x**3 - 1 + x - 5*x**2 + 9*x**2 + 1 - 3. Suppose -2*v + 3*v = -2*d + 5, -5 = -5*d - 5*v. Calculate p(d).
1
Let w(n) = 7*n + 20. Let o be w(-1). Let k(u) = -2*u + 14. Give k(o).
-12
Suppose -2*f = 4*v - 20, 26 = 5*f - 2*f + 5*v. Let z be ((-3)/(-1))/((-6)/(-4)). Let u(g) = -z*g - 1 + 6 - 2. What is u(f)?
-1
Let k(r) = r**3 - 18*r**2 + 18*r - 19. Let g be k(17). Let i(y) = y + 2. Determine i(g).
0
Let c(j) = 5*j + 2*j + 23 - 16 - 13 - 5*j. What is c(-5)?
-16
Suppose 0 = -4*z + 12. Suppose 0 = z*t - 8*t + 15. Suppose t*y = -q - y + 18, 5*q + 2*y = 0. Let l(h) = h**3 - h**2 - 2*h. Calculate l(q).
-8
Let m(j) = 10*j + 2. Let u(a) = 9*a + 1. Let z(s) = -2*s**2 + 16*s - 5. Let h be z(8). Let g(d) = h*m(d) + 6*u(d). Give g(4).
12
Let y(x) = -5 - x - 41 + 43 + 2. Calculate y(10).
-11
Let y(v) be the third derivative of v**5/60 - v**4/8 + v**3/2 - 2*v**2 + 40*v. What is y(4)?
7
Let g = -12 + 17. Suppose 2*p - g*p - 19 = -a, 30 = 5*a - 2*p. Let l(i) = i + 8. Let o(r) = -2*r - 12. Let x(f) = -3*l(f) - 2*o(f). Determine x(a).
4
Let b(r) be the third derivative of -r**6/120 + 2*r**5/15 - 5*r**4/24 - 7*r**3/3 - 2*r**2 - 50*r. What is b(7)?
0
Let g(o) be the second derivative of -21*o**4/4 - o**2/2 - 3*o - 26. Calculate g(1).
-64
Let v(s) = s**2 + 11*s + 18. Let w be v(-2). Let d(h) = -h**2 - 3*h + 4. Give d(w).
4
Let o(h) = h**2. Let u(k) = 15*k**2 - 20*k + 31. Let j(n) = -3*n**2 + 4*n - 6. Let l(w) = 11*j(w) + 2*u(w). Let a(v) = l(v) + 2*o(v). What is a(4)?
-4
Let x(o) = 406 - 204 - o - 203. Suppose -8 = 2*n + 3*r + 2, 6 = n - 4*r. What is x(n)?
1
Suppose 3*c + 6 = -12. Let g = 5 + c. Let a(l) = 1. Let j(p) = 3*p - 7. Let i(d) = g*j(d) - 5*a(d). What is i(-3)?
11
Suppose -2*x = 3*j + 7, 0 = 2*j - 4*x + 6*x + 8. Let h be 1 - (-5 + j) - 1. Let s(u) = -u**3 + 2*u**2 + 5*u. Determine s(h).
-12
Let t(f) = 2*f + 33. Let g be t(-15). Let z(h) = 0 - g + 4 + 8*h + 0. Give z(-1).
-7
Let b(i) = -4*i**3 + 3*i**2 + i + 12. Let t(g) = -7*g**3 + 7*g**2 + g + 23. Let a(j) = -5*b(j) + 3*t(j). Suppose h - 2 = 2*c, -4*h + 5*c + 8 = -6. What is a(h)?
-3
Let j be -3*13*(-9)/27. Let g(u) = u**3 - 14*u**2 + 12*u + 14. Calculate g(j).
1
Let y(p) = 3*p**3 + 12*p**2 + 12*p + 2. Let x(d) = 16*d**3 + 61*d**2 + 61*d + 10. Let o(g) = 2*x(g) - 11*y(g). Give o(-9).
7
Suppose 0 = -125*x + 118*x + 21. Let h(k) be the second derivative of 7*k + 1/3*k**x - 1/2*k**2 + 0. Determine h(3).
5
Let j be (33/66)/(1/10). Let t(z) = -z